8875?
5
What is the tens digit of 233572?
7
What is the hundreds digit of 11190803?
8
What is the ten thousands digit of 1962597?
6
What is the hundred thousands digit of 263722?
2
What is the hundreds digit of 2495230?
2
What is the hundred thousands digit of 5808576?
8
What is the tens digit of 579779?
7
What is the ten thousands digit of 1000561?
0
What is the hundred thousands digit of 11256843?
2
What is the millions digit of 6441931?
6
What is the hundreds digit of 1534305?
3
What is the ten thousands digit of 5728950?
2
What is the hundreds digit of 8050185?
1
What is the units digit of 3139202?
2
What is the ten thousands digit of 3156112?
5
What is the ten thousands digit of 24028145?
2
What is the units digit of 1039152?
2
What is the hundred thousands digit of 33707227?
7
What is the units digit of 485019?
9
What is the tens digit of 5615108?
0
What is the units digit of 394013?
3
What is the ten thousands digit of 1505947?
0
What is the units digit of 892156?
6
What is the thousands digit of 4269244?
9
What is the tens digit of 2031973?
7
What is the millions digit of 12115084?
2
What is the tens digit of 1923281?
8
What is the hundreds digit of 807781?
7
What is the tens digit of 1950068?
6
What is the tens digit of 174334?
3
What is the ten thousands digit of 9328414?
2
What is the millions digit of 9812209?
9
What is the hundreds digit of 3027362?
3
What is the ten thousands digit of 6541558?
4
What is the ten thousands digit of 167789?
6
What is the ten thousands digit of 290686?
9
What is the thousands digit of 36342541?
2
What is the units digit of 622057?
7
What is the hundreds digit of 2792672?
6
What is the ten thousands digit of 3014544?
1
What is the tens digit of 6000?
0
What is the hundreds digit of 3717008?
0
What is the units digit of 408161?
1
What is the thousands digit of 573519?
3
What is the units digit of 165763?
3
What is the thousands digit of 742919?
2
What is the thousands digit of 3582672?
2
What is the ten thousands digit of 67811?
6
What is the tens digit of 5659988?
8
What is the units digit of 1716091?
1
What is the tens digit of 232950?
5
What is the ten thousands digit of 76427?
7
What is the thousands digit of 5200604?
0
What is the ten thousands digit of 8633367?
3
What is the ten millions digit of 23578831?
2
What is the ten thousands digit of 196490?
9
What is the millions digit of 11427007?
1
What is the hundreds digit of 1790333?
3
What is the units digit of 1188109?
9
What is the units digit of 85003?
3
What is the millions digit of 2907453?
2
What is the hundred thousands digit of 27670916?
6
What is the thousands digit of 1750797?
0
What is the ten thousands digit of 365191?
6
What is the ten thousands digit of 89489?
8
What is the units digit of 209125?
5
What is the hundred thousands digit of 161965?
1
What is the tens digit of 6249212?
1
What is the ten thousands digit of 5594861?
9
What is the tens digit of 195670?
7
What is the tens digit of 637504?
0
What is the hundred thousands digit of 810796?
8
What is the thousands digit of 283600?
3
What is the units digit of 979164?
4
What is the hundreds digit of 181390?
3
What is the hundred thousands digit of 19707428?
7
What is the hundreds digit of 5672754?
7
What is the hundreds digit of 631966?
9
What is the tens digit of 40373?
7
What is the hundreds digit of 492722?
7
What is the thousands digit of 226949?
6
What is the ten thousands digit of 8176773?
7
What is the thousands digit of 3339645?
9
What is the hundreds digit of 518439?
4
What is the thousands digit of 81234?
1
What is the hundreds digit of 28672402?
4
What is the thousands digit of 858822?
8
What is the thousands digit of 17671548?
1
What is the hundreds digit of 79342?
3
What is the hundreds digit of 3632590?
5
What is the hundreds digit of 111095?
0
What is the ten millions digit of 22182220?
2
What is the units digit of 168985?
5
What is the ten thousands digit of 766002?
6
What is the millions digit of 5210209?
5
What is the tens digit of 727513?
1
What is the thousands digit of 1214710?
4
What is the units digit of 109683?
3
What is the ten thousands digit of 3661787?
6
What is the units digit of 62174?
4
What is the tens digit of 624581?
8
What is the thousands digit of 1006456?
6
What is the thousands digit of 35960558?
0
What is the millions digit of 39459462?
9
What is the units digit of 20560193?
3
What is the ten thousands digit of 2854574?
5
What is the tens digit of 489745?
4
What is the thousands digit of 592413?
2
What is the hundred thousands digit of 364011?
3
What is the thousands digit of 29963?
9
What is the hundreds digit of 597814?
8
What is the hundred thousands digit of 105786?
1
What is the tens digit of 9834150?
5
What is the hundred thousands digit of 525704?
5
What is the tens digit of 388284?
8
What is the units digit of 373468?
8
What is the hundreds digit of 286783?
7
What is the units digit of 2035591?
1
What is the units digit of 5898377?
7
What is the hundred thousands digit of 2147209?
1
What is the hundred thousands digit of 254275?
2
What is the hundred thousands digit of 1424114?
4
What is the hundreds digit of 5774714?
7
What is the hundred thousands digit of 870541?
8
What is the tens digit of 106115?
1
What is the units digit of 858121?
1
What is the thousands digit of 3299053?
9
What is the units digit of 1032769?
9
What is the units digit of 905?
5
What is the tens digit of 2565592?
9
What is the ten thousands digit of 18466596?
6
What is the units digit of 1991366?
6
What is the ten thousands digit of 885586?
8
What is the units digit of 4030334?
4
What is the thousands digit of 1291895?
1
What is the thousands digit of 423250?
3
What is the units digit of 560340?
0
What is the ten thousands digit of 1439469?
3
What is the hundred thousands digit of 1350527?
3
What is the ten thousands digit of 855079?
5
What is the tens digit of 873317?
1
What is the hundreds digit of 373264?
2
What is the thousands digit of 990556?
0
What is the hundreds digit of 126445?
4
What is the units digit of 5215991?
1
What is the units digit of 3723588?
8
What is the hundreds digit of 7508?
5
What is the hundreds digit of 2106150?
1
What is the hundred thousands digit of 3990891?
9
What is the tens digit of 89191?
9
What is the units digit of 3571556?
6
What is the hundreds digit of 326011?
0
What is the hundred thousands digit of 183977?
1
What is the ten thousands digit of 460869?
6
What is the tens digit of 461859?
5
What is the hundreds digit of 296836?
8
What is the units digit of 1401641?
1
What is the tens digit of 3613960?
6
What is the hundred thousands digit of 875623?
8
What is the ten thousands digit of 189660?
8
What is the millions digit of 3429033?
3
What is the millions digit of 5578809?
5
What is the ten thousands digit of 116069?
1
What is the thousands digit of 254152?
4
What is the thousands digit of 2511?
2
What is the hundred thousands digit of 2574684?
5
What is the units digit of 193412?
2
What is the units digit of 457062?
2
What is the hundred thousands digit of 421481?
4
What is the hundreds digit of 14732496?
4
What is the millions digit of 16130273?
6
What is the ten thousands digit of 176167?
7
What is the ten thousands digit of 873132?
7
What is the ten thousands digit of 675550?
7
What is the ten thousands digit of 1036263?
3
What is the millions digit of 2609152?
2
What is the ten thousands digit of 4164242?
6
What is the tens digit of 1444099?
9
What is the thousands digit of 15976086?
6
What is the ten thousands digit of 149176?
4
What is the ten thousands digit of 66050?
6
What is the hundred thousands digit of 146201?
1
What is the ten thousands digit of 151437?
5
What is the ten thousands digit of 853108?
5
What is the thousands digit of 1526760?
6
What is the units digit of 48738?
8
What is the units digit of 57206?
6
What is the hundred thousands digit of 4552230?
5
What is the hundred thousands digit of 1116787?
1
What is the millions digit of 2855244?
2
What is the tens digit of 1195585?
8
What is the tens digit of 10993582?
8
What is the hundreds digit of 11781269?
2
What is the units digit of 485933?
3
What is the millions digit of 30587357?
0
What is the thousands digit of 28889190?
9
What is the units d